34 + (6 - 17))?
62
7 + 67 + -129 + 23
-32
Calculate -58 - (81 - 204) - 98.
-33
20 + 2 + 18 - (-2 + 5)
37
What is 28 + 5 + (27 - 18) + 6?
48
What is -1 + 6 + (17 - 27) + -8 + 16 + 19?
22
What is -900 + 927 - (104 + -2 + 0)?
-75
21 + -18 - 0 - (7 - 2) - 39
-41
What is -3 + (20 - (38 - 14)) + (34 - -2)?
29
Calculate -66 - (16 - (56 - 39)).
-65
What is the value of -2 - -37 - (21 + (36 - 65))?
43
5 + (-60 + 35 + 81 - 19)
42
Calculate 26 + -1 + 28 - (-1 + -1 + 2 + 1).
52
What is the value of (43 + 2 - 2) + (129 - (47 + 68))?
57
Evaluate 23 + -93 + -71 + 109.
-32
What is (0 - -24) + 18 + -13 - (44 + -29)?
14
What is the value of -4 + -32 - (18 + -1 + -30)?
-23
14 + (-98 - 10 - (15 - (49 - 20)))
-80
What is -46 - ((119 - 141) + -67)?
43
44 - 109 - -41 - -3 - (0 + -1)
-20
What is (11 - 5) + (-19 + (-10 - -20) + -3 - 0)?
-6
What is the value of 68 - (13 - 0) - 18?
37
What is the value of -10 - (-13 - (-39 + 57))?
21
Evaluate -59 + -2 + (16 + 93 - 87).
-39
What is the value of (-7 + (6 - (5 + 1)) - -11) + -35?
-31
Evaluate -109 + 41 + 7 + 11 + -12.
-62
What is (14 + -1 - (-34 + 52)) + 21?
16
Calculate 91 + (-163 - -77) - (26 - ((2 - 1) + 2)).
-18
Calculate -142 + 85 - 77 - (5 + -3 - 20).
-116
-2 + 63 - (4 - (87 + -54))
90
Evaluate 0 + -1 + (1187 - 1199) + (1 - (-3 - 67)).
58
-6 + 25 + -1 + -6 + 24
36
What is 12 - 5 - (-419 + 339)?
87
-178 - (-66 - 74) - (2 - 172)
132
What is 105 + -34 + 2 + 24?
97
What is (58 - (-1 + 1)) + 1 - (-23 + 40 - 19)?
61
What is the value of -15 - -10 - (-55 + 32 - (0 - 3))?
15
0 - (-1 - 95) - (-367 + (-402 - -779))
86
What is the value of 45 + -15 - 0 - 34?
-4
What is -21 - (-74 - -17) - 36 - (15 + 1)?
-16
What is the value of 300 + -373 + (2 - -11 - -7)?
-53
What is the value of -44 + 17 + -8 - -27 - 10?
-18
What is (-231 - -253) + 1 + -47?
-24
Evaluate (-7 - (1 - -5) - (-17 + 12)) + -1.
-9
What is the value of -16 + (15 - (26 + -41 + 8 + 17))?
-11
(-6 - 20) + 24 - (-2 - (3 + -72))
-69
Evaluate (-379 - -481) + (-5 + 0 - 11).
86
What is the value of -43 - (-43 + -20) - 56?
-36
What is the value of 5 + 1 + (957 - 965) - 13?
-15
What is 4 - (-34 - (-11 - ((0 - -1) + 5) - -8))?
29
What is -4 + (-62 - (-18 + (-17 - -39) - 9))?
-61
Evaluate -437 + 415 + (85 - (0 + 6)).
57
What is -27 + 97 + -58 + -63?
-51
Calculate 46 + 1 - (167 - (1 + 150)).
31
Evaluate -37 + -57 + 144 + 15 + -3.
62
131 + -112 + (-42 - (3 + -3))
-23
Calculate -43 + -56 + 104 - 25.
-20
Evaluate -4 + -14 + -5 + (-13 - (6 - (21 + -7))).
-28
(4 - -19) + 66 - 25 - 2
62
What is the value of -34 - (-217 + 49 - -101)?
33
Evaluate (79 - -59) + -144 - -51.
45
Calculate (-24 - -45) + (-23 - (-33 + -36)).
67
Evaluate (-473 - -441 - (36 - 2)) + 28.
-38
Calculate (-1 - (0 - -2)) + 1 + -18 + 249 + -209.
20
Evaluate (96 - 104) + (-1 - 1) + (103 - 7 - -1).
87
What is the value of -22 + (20 - -1) + -36 + -1?
-38
Calculate 84 + -2 + 0 + (233 - (-207 - -440)).
82
Calculate -10 - -6 - 2 - (-15 - 1).
10
Evaluate -19 - -12 - ((0 - -4) + -3) - 17 - 0.
-25
What is the value of -23 + 0 - (10721 + -10807)?
63
What is the value of (15 + 0 + -11 + -5 - -10) + -53?
-44
What is (107 - 1) + -5784 + 5618?
-60
22 + (15 - 18 - 64)
-45
Evaluate (41 - -78) + -137 - -43.
25
Evaluate (-29 - ((25 - 43) + -17)) + 1 + -55 + 0.
-48
What is the value of -7 + (-109 + 71 - 21)?
-66
Calculate -28 + 30 + -8 + (-1 - -11) - 14.
-10
What is -1 - 55 - (-7462 + 7421)?
-15
182 - (-38 + 223) - (-9 + 0)
6
24 + (-168 - -155) + 1 + 9 + -1
20
0 + -38 + (3570 - 3533)
-1
What is the value of 0 + -2 + 14 + (4 - 8) + 33 + 3?
44
Calculate -33 - (-195 - -123 - (1 + -22)).
18
What is the value of 5 + (3 - 12) + -7 - (-34 + -19)?
42
-22 + 102 + -126 + 91
45
Calculate -35 + (2 - -22) + (1 - ((-4 - 1) + 56)).
-61
-4 - (51 - -102) - -67
-90
Evaluate 28 - 0 - (21 + (47 - 46)).
6
-32 + (-63 - -110) + -22
-7
What is 38 - (-10 - ((-4 - (3 - -9)) + 14))?
46
-6 + 4 + -1 + -11 - (2 + 1 - 17)
0
What is 424 - 474 - (-23 - (-5 + 4))?
-28
Evaluate (-1 - -35) + -5 + (2 - (7 + 4)) + 23.
43
Evaluate 2 + -4 + 4 + (1286 - 1309).
-21
Evaluate (-59 - (-2 - -5)) + 0 + -16 + (25 - 10).
-63
19 + -8 - ((1 - (5 - -3) - 5) + -4)
27
Evaluate -31 - -1 - (-3379 + 3404).
-55
What is the value of 4 + -9 + 20 + -5 + -12 + 9?
7
What is 11 - (37 + -10 + 26 + -6) - -17?
-19
Evaluate -8 + (-11 + 31 - (5 + 6)) - 8.
-7
Calculate 8 + -3 + (-19 - -8) - (-19 + 0 + 67).
-54
Evaluate -1 - -4 - 14 - 3 - (-37 - -22 - -22).
-21
What is the value of 157 - 169 - ((-2 + 5 - -4) + -10 + -6)?
-3
What is -17 + 33 + -10 - (24 + -17) - -123?
122
-52 + (40 - -4) + (0 - (-3 - 2))
-3
-12 + 4 + (-36 - -146)
102
Calculate 21 + -80 + 109 + -23.
27
-2 + 11 - (-2 - (-6 - -9))
14
Evaluate 1 + 7 + (-23 - 2 - (5 - 3)).
-19
Calculate 9 - ((46 - 10) + 9 + (-11 - -3)).
-28
-2 + 11 + -2 + (-2193 - -2202)
16
-5 - 10 - (-4 + 9 + (-23 - -5) + 67)
-69
What is 0 - (-4 - (2 + (-77 - (3 - (11 + 3)))))?
-60
Evaluate -6 + 4 + (1 - (-3 + -81)) + (-1 - 4).
78
What is the value of 33 + (-55 - -16) + -17 - 5?
-28
What is 0 - 2 - (-83 + 172 - 96)?
5
Evaluate 2 + -63 + -421 + 453.
-29
Calculate 5413 + -5336 + (-90 - 1).
-14
Calculate (22 - 36 - 30) + 39.
-5
-2 - (3 + -15 + 45)
-35
What is 22 - 13 - -47 - 151 - (0 + -23)?
-72
Calculate (-2 - -12) + 15 - (104 - 164).
85
What is 61 + 31 + 5 - (0 - -19)?
78
Evaluate -2 + 12 + (-19 - (3 + -11)) - (-3 - -3).
-1
Calculate -8 - ((616 - 739) + (38 - -2)).
75
8 + 14 + (51 - 25)
48
Evaluate 8 + 24 + (3 + -14 - -7) - -17.
45
-56 - (-73 + 42 + 8)
-33
What is 18 + (-276 - -245 - (-13 - -1)) + (-4 - 2)?
-7
What is the value of (16 - (-48 - 9)) + -11 + -3 + -4?
55
62 + (-3 - 54 - -55)
60
What is the value of -4 + 7 - ((6 - -7) + -4) - 1?
-7
Calculate 100 + (30 - 11) + -25.
94
What is (-47 - -139) + 27 + 2 + 0?
121
Evaluate -15 + (183 - 167 - (32 - -1)) + 5.
-27
What is the value of 7 - (0 + (9 - -4) + 1 - 9)?
2
What is 20 + 58 + 2 - (-20 + 37)?
63
What is the value of 19 + -194 + 66 - ((0 - 15) + 2)?
-96
What is -6 + 9 + -7 + -1 + -4 + 9 - -24?
24
What is 17 + (40 - (-58 + 26)) + -23?
66
Evaluate -35 + 36 + 33 + 47 + -2.
79
What is 14 - (((-3 - (-8 + 0)) + 0 - 12) + 17)?
4
Calculate -17 + 49 + -76 + 52.
8
What is the value of 54 - 9 - 40 - 12?
-7
Calculate 40 - (48 + -88 + 66).
14
Calculate -14 + -1 + 182 + -173 - -13.
7
Calculate (1 + -2 - 28) + (20965 - 20940) + 104.
100
77 - 46 - (85 + 24)
-78
-47 + -67 + 26 + (5 - 28)
-111
What is the value of -11 + (1 - 8) + 12 + -82 - -16?
-72
Evaluate 7 + -2 + (1 - -35) + 96 + -55 + -41.
41
What is the value of (12 + 2 - 6) + (-324 - -271)?
-45
What is 71 - ((-19 - 0) + (61 - 77 - -30))?
76
What is 4 - 4 - (-10 + (20 - 12) + -16)?
18
-40 - (-32 + 30 - (-5 + 3)) - -6
-34
Evaluate -124 - (-193 + 149) - -158.
78
What is the value of -35 + (129 + 3 - 29)?
68
What is the value of 23 + -52 + 89 - (9 + (0 - 3) + 5)?
49
What is 51 + (-11 - -1) + (-34 - (-13 - 21))?
41
Evaluate 23 + -3 + -11 + (3 - 28).
-16
Calculate (107 - 5) + -541 + 471.
32
146 - 127 - (-1 - -58) - -24
-14
Calculate 5 + -6 - 8 - (-47 - (7 - -5)).
50
What is -4 - ((-21 + 22 - -9) + 0 + 2 - -27)?
-43
Evaluate 9 + -10 + (-2 + -15 - (-5 + (5 - 6))).
-12
Evaluate 8 - (35 + 8) - 0 - (-71 - -58).
-22
(-9 - 8) + -1 + (-5 + -3 + 7 - -11)
-8
Calculate (8 - (20 + (6 - 24))) + (-3 - -10) + -5.
8
Calculate -16 + -2 + 5 + 10 + (-136 - -81).
-58
What is (-680 - -692 - (72 - (1 + -1)) - 6) + 9?
-57
Calculate 1 - (-2833 + 2831 + 1 + 4 + -1).
-1
Calculate -39 + (22 - -28) + -8 + (-10 - -10).
3
4 - -7 - (28 + (-41 - -21)) - -6 - -95
104
17 + 16 + -37 + -21 - 119
-144
(68 - (144 - 72)) + 79
75
5 - (6 - 60 - -13) - (-7 + -2)
55
Calculate (-22 + 17 - -11) + -9 + 15 + -1 + 26.
37
Calculate 63 + -6 + -44 + (33 - 16).
30
Evaluate 4 - -6 - (-6 + 7 + 4 + -6 + -7).
18
(-6 - (1 + 62)) + -3 + 34 + -16 + -18
-72
Calculate -6 + (4 - -7) - -92 - (-40 - -37).
100
What is -21 - (8 + (9 - (-1 + -4 + 10)) + -5)?
-28
What is -102 - -63 - ((-11 - -2) + 12)?
-42
Calculate (1317 - 1296) + -1 + -20 + -52.
-52
Evaluate 3 - -3 - -2 - 51.
-43
Evaluate -4 - (-6 + 65 + -70).
7
What is 0 + 29 - (136 - 99 - 48)?
40
Evaluate 78 + (48 - (-40 - -132)).
34
(83 - (17 + -12)) + 28 + -21 + -22
63
What is (334 - 128 - 190) + -1 + 9?
24
Evaluate -4 + 8 + -9 + 107 + (-23 + 27 - 12).
94
Calculate (-13 - 17) + 58 - 25.
3
30 + -26 + 